base 3?
10000
What is -3c (base 13) in base 2?
-110011
0 (base 3) to base 14
0
What is 0 (base 16) in base 10?
0
18 (base 16) to base 6
40
Convert 14 (base 7) to base 9.
12
Convert -86 (base 12) to base 16.
-66
Convert -22 (base 13) to base 8.
-34
7 (base 13) to base 15
7
What is 215 (base 6) in base 7?
146
Convert 131 (base 11) to base 7.
311
What is -10 (base 16) in base 3?
-121
Convert -1244 (base 5) to base 8.
-307
Convert 12 (base 8) to base 12.
a
-12 (base 7) to base 3
-100
Convert -1012 (base 4) to base 12.
-5a
Convert -3 (base 12) to base 4.
-3
Convert -3b (base 12) to base 9.
-52
What is -19 (base 10) in base 13?
-16
-111 (base 3) to base 8
-15
-3 (base 10) to base 11
-3
-13 (base 14) to base 4
-101
Convert 133 (base 7) to base 13.
58
Convert -4c (base 15) to base 13.
-57
Convert -14 (base 7) to base 11.
-10
What is 17 (base 11) in base 3?
200
Convert 11 (base 3) to base 11.
4
What is -22 (base 12) in base 13?
-20
5 (base 16) to base 6
5
Convert -56 (base 8) to base 4.
-232
Convert -b (base 15) to base 11.
-10
-3 (base 14) to base 11
-3
14 (base 7) to base 2
1011
Convert c (base 14) to base 9.
13
Convert -9 (base 11) to base 13.
-9
What is 1010010 (base 2) in base 6?
214
Convert 1100101 (base 2) to base 16.
65
-113 (base 4) to base 7
-32
Convert 3 (base 14) to base 6.
3
What is 2b (base 13) in base 9?
41
Convert -2100 (base 3) to base 2.
-111111
What is 10201 (base 3) in base 8?
144
7 (base 9) to base 10
7
What is -13 (base 4) in base 8?
-7
-3 (base 11) to base 10
-3
1 (base 10) to base 14
1
-2 (base 3) to base 13
-2
Convert 2211 (base 3) to base 4.
1030
What is -8 (base 14) in base 10?
-8
Convert -231 (base 4) to base 12.
-39
4 (base 12) to base 14
4
-21 (base 5) to base 16
-b
What is -da (base 15) in base 16?
-cd
Convert -53 (base 6) to base 14.
-25
What is 10010 (base 3) in base 12?
70
-1040 (base 5) to base 7
-265
-2f (base 16) to base 11
-43
What is -13 (base 8) in base 14?
-b
-100010 (base 2) to base 9
-37
What is 43 (base 14) in base 3?
2012
Convert -2 (base 16) to base 14.
-2
-34 (base 9) to base 13
-25
What is -22 (base 16) in base 14?
-26
What is 13 (base 8) in base 4?
23
Convert -100 (base 6) to base 8.
-44
-21 (base 11) to base 6
-35
101 (base 2) to base 4
11
-12 (base 5) to base 16
-7
Convert -40 (base 8) to base 14.
-24
Convert 322 (base 5) to base 9.
106
What is -43 (base 11) in base 3?
-1202
What is 27a (base 13) in base 15?
1e4
Convert 33 (base 15) to base 3.
1210
Convert -1 (base 2) to base 10.
-1
Convert -81 (base 14) to base 8.
-161
Convert 69 (base 12) to base 9.
100
Convert 3b (base 16) to base 9.
65
What is 264 (base 8) in base 2?
10110100
Convert -7 (base 12) to base 3.
-21
What is -4 (base 11) in base 7?
-4
What is 316 (base 8) in base 7?
413
What is -37 (base 9) in base 5?
-114
Convert 24 (base 5) to base 11.
13
What is 6b (base 15) in base 8?
145
Convert 1000 (base 2) to base 9.
8
-7 (base 12) to base 13
-7
What is 0 (base 14) in base 7?
0
4 (base 9) to base 5
4
-7 (base 16) to base 2
-111
121 (base 9) to base 3
10201
-9 (base 13) to base 10
-9
Convert -132 (base 8) to base 13.
-6c
Convert -11101 (base 2) to base 16.
-1d
Convert 30 (base 9) to base 5.
102
What is 0 (base 8) in base 16?
0
What is -121 (base 3) in base 15?
-11
What is 4 (base 14) in base 4?
10
-261 (base 10) to base 12
-199
Convert 12 (base 8) to base 7.
13
Convert 0 (base 9) to base 12.
0
Convert 7a (base 12) to base 5.
334
135 (base 12) to base 3
20212
Convert -45 (base 15) to base 10.
-65
43 (base 7) to base 11
29
What is -23 (base 7) in base 5?
-32
Convert -8e (base 16) to base 14.
-a2
Convert -12 (base 7) to base 11.
-9
1043 (base 5) to base 10
148
7a (base 16) to base 13
95
Convert -11 (base 15) to base 10.
-16
Convert 19 (base 16) to base 10.
25
-1010 (base 2) to base 8
-12
3302 (base 4) to base 16
f2
What is 4 (base 16) in base 5?
4
-12 (base 5) to base 3
-21
60 (base 14) to base 8
124
What is -b (base 12) in base 4?
-23
Convert -102 (base 4) to base 10.
-18
What is 2 (base 5) in base 9?
2
What is -20 (base 12) in base 2?
-11000
Convert -1001 (base 3) to base 10.
-28
Convert 15 (base 12) to base 9.
18
-1110110 (base 2) to base 4
-1312
Convert 40 (base 5) to base 15.
15
What is -23 (base 5) in base 3?
-111
What is -2 (base 6) in base 3?
-2
Convert 6 (base 16) to base 6.
10
What is 111 (base 3) in base 5?
23
Convert 310 (base 4) to base 2.
110100
Convert -12c (base 15) to base 2.
-100001011
What is -5 (base 6) in base 16?
-5
Convert 1101 (base 2) to base 15.
d
What is -8 (base 16) in base 11?
-8
What is -3 (base 11) in base 7?
-3
What is -40 (base 5) in base 11?
-19
Convert -121 (base 3) to base 2.
-10000
56 (base 7) to base 9
45
2 (base 12) to base 5
2
What is -2 (base 12) in base 3?
-2
What is -1a (base 15) in base 10?
-25
0 (base 9) to base 8
0
What is -33 (base 13) in base 5?
-132
3 (base 10) to base 14
3
Convert 100010 (base 2) to base 6.
54
213 (base 4) to base 7
54
Convert -27 (base 8) to base 5.
-43
Convert -166 (base 13) to base 5.
-2003
What is 2 (base 8) in base 6?
2
Convert 2110 (base 3) to base 9.
73
What is 4 (base 11) in base 9?
4
Convert 0 (base 14) to base 10.
0
Convert 300 (base 5) to base 9.
83
Convert -6 (base 10) to base 2.
-110
Convert 7 (base 10) to base 15.
7
-1300 (base 4) to base 12
-94
What is 6 (base 8) in base 2?
110
What is -1d (base 15) in base 3?
-1001
Convert 27 (base 11) to base 9.
32
What is -7e (base 16) in base 4?
-1332
What is -20 (base 4) in base 16?
-8
Convert -8b (base 16) to base 10.
-139
What is 2 (base 13) in base 15?
2
What is 18 (base 9) in base 15?
12
Convert -134 (base 8) to base 6.
-232
Convert 3 (base 11) to base 12.
3
Convert -101 (base 2) to base 4.
-11
What is 1 (base 10) in base 5?
1
-1220 (base 3) to base 9
-56
What is -4 (base 15) in base 16?
-4
-34 (base 11) to base 4
-211
What is -1 (base 12) in base 11?
-1
1 (base 10) to base 6
1
What is 0 (base 15) in base 7?
0
Convert -42 (base 10) to base 15.
-2c
Convert -1 (base 16) to base 3.
-1
-15 (base 16) to base 13
-18
-87 (base 12) to base 4
-1213
What is 0 (base 4) in base 6?
0
Convert -27 (base 16) to base 10.
-39
What is -202 (base 3) in base 11?
-19
3a (base 15) to base 5
210
What is 303 (base 4) in base 6?
123
What is 100 (base 3) in base 7?
12
Convert -110010 (base 2) to base 14.
-38
What is -3 (base 6) in base 5?
-3
What is -13 (base 4) in base 5?
-12
What is 2221 (base 4) in base 6?
441
Convert 7c (base 13) to base 8.
147
-2 (base 3) to base 16
-2
-4 (base 10) to base 16
-4
What is -1110 (base 2) in base 3?
-112
Convert -330 (base 5) to base 4.
-1122
-6 (base 16) to base 11
-6
What is 91 (base 16) in base 4?
2101
Convert 1020 (base 6) to base 7.
444
103 (base 8) to base 10
67
2010 (base 4) to base 11
110
Convert d3 (base 14) to base 12.
135
-19 (base 14) to base 8
-27
Convert -4 (base 14) to base 5.
-4
22 (base 11) to base 2
11000
Convert 0 (base 2) to base 9.
0
-22 (base 7) to base 6
-24
-23 (base 8) to base 2
-10011
-100011 (base 2) to base 13
-29
Convert -1201 (base 3) to base 7.
-64
Convert 1110010 (base 2) to base 14.
82
What is 306 (base 10) in base 16?
132
What is 2 (base 8) in base 3?
2
What is a4 (base 14) in base 2?
10010000
What is -140 (base 5) in base 11?
-41
150 (base 7) to base 9
103
What is -473 (base 8) in base 14?
-187
What is -3 (base 11) in base 14?
-3
3 (base 4) to base 5
3
Convert -2 (base 16) to base 2.
-10
What is 22 (base 13) in base 7?
40
What is -22 (base 12) in base 8?
-32
44 (base 6) to base 16
1c
Convert -3 (base 11) to base 2.
-11
7 (base 12) to base 6
11
82 (base 9) to base 14
54
Convert 11 (base 12) to base 5.
23
What is 21 (base 4) in base 7?
12
Convert -10 (base 6) to base 2.
-110
Convert -12012 (base 3) to base 9.
-165
What is 1 (base 12) in base 13?
1
What is -173 (base 10) in base 14?
-c5
What is 2 (base 6) in base 12?
2
-33 (base 8) to base 4
-123
What is 25 (base 15) in base 9?
38
Convert -1 (base 4) to base 11.
-1
-102 (base 3) to base 10
-11
Convert 2 (base 16) to base 14.
2
What is 22 (base 3) in base 15?
8
What is 2 (base 7) in base 3?
2
What is 1 (base 15) in base 13?
1
6 (base 14) to base 2
110
What is -11 (base 9) in base 13?
-a
-230 (base 7) to base 9
-142
Convert -11 (base 7) to base 6.
-12
What is -11220 (base 3) in base 16?
-84
44 (base 11) to base 6
120
-4 (base 16) to ba